{"id":87,"date":"2022-02-08T10:51:29","date_gmt":"2022-02-08T09:51:29","guid":{"rendered":"https:\/\/someclim.tn\/?page_id=87"},"modified":"2022-02-08T10:51:46","modified_gmt":"2022-02-08T09:51:46","slug":"secteurs-dactivites","status":"publish","type":"page","link":"https:\/\/someclim.tn\/index.php\/secteurs-dactivites\/","title":{"rendered":"SECTEURS D\u2019ACTIVIT\u00c9S"},"content":{"rendered":"\n<h2 id=\"nos-domaines-de-competence\">Nos domaines de comp\u00e9tence<\/h2>\n\n\n\n<p>Au d\u00e9part, l\u2019entreprise concentre son activit\u00e9 sur le Service Apr\u00e8s Vente pour les constructeurs. Du montage de syst\u00e8mes de climatisation pour les soci\u00e9t\u00e9s non sp\u00e9cialis\u00e9es, \u00e0 l\u2019entretien de leurs propres installations, aujourd\u2019hui Som\u00e9clim intervient principalement dans l\u2019installation et l\u2019entretien de climatisations sur appels d\u2019offres publics et priv\u00e9s, sur les territoires normands et d\u2019\u00cele de France.<\/p>\n\n\n\n<h2 id=\"des-techniques-maitrisees-pour-une-meilleure-performance-energetique\">Des techniques ma\u00eetris\u00e9es pour une meilleure performance \u00e9nerg\u00e9tique :<\/h2>\n\n\n\n<ul><li>Climatisation de confort r\u00e9versible ou non pour vos bureaux, magasins, ateliers, restaurants, salles de r\u00e9unions\u2026<\/li><li>Climatisation de vos salles informatiques,<\/li><li>Pompes \u00e0 chaleur,<\/li><li>Groupes de production d\u2019eau glac\u00e9e,<\/li><li>D\u00e9shumidification de piscines priv\u00e9es,<\/li><li>Ventilation double flux<\/li><li>Plancher chauffant rafra\u00eechissant<\/li><li>Plomberie<\/li><li>Chauffage<\/li><\/ul>\n\n\n\n<figure class=\"wp-block-gallery has-nested-images columns-default is-cropped\">\n<figure class=\"wp-block-image size-large\"><img loading=\"lazy\" width=\"960\" height=\"720\" data-id=\"45\"  src=\"https:\/\/someclim.tn\/wp-content\/uploads\/2022\/02\/221707068_557108325448255_6319056340090963163_n.jpg\" alt=\"\" class=\"wp-image-45\" srcset=\"https:\/\/someclim.tn\/wp-content\/uploads\/2022\/02\/221707068_557108325448255_6319056340090963163_n.jpg 960w, https:\/\/someclim.tn\/wp-content\/uploads\/2022\/02\/221707068_557108325448255_6319056340090963163_n-300x225.jpg 300w, https:\/\/someclim.tn\/wp-content\/uploads\/2022\/02\/221707068_557108325448255_6319056340090963163_n-768x576.jpg 768w\" sizes=\"(max-width: 960px) 100vw, 960px\" \/><\/figure>\n\n\n\n<figure class=\"wp-block-image size-large\"><img loading=\"lazy\" width=\"720\" height=\"960\" data-id=\"44\"  src=\"https:\/\/someclim.tn\/wp-content\/uploads\/2022\/02\/53861022_965554873642253_8187449422825652224_n.jpg\" alt=\"\" class=\"wp-image-44\" srcset=\"https:\/\/someclim.tn\/wp-content\/uploads\/2022\/02\/53861022_965554873642253_8187449422825652224_n.jpg 720w, https:\/\/someclim.tn\/wp-content\/uploads\/2022\/02\/53861022_965554873642253_8187449422825652224_n-225x300.jpg 225w\" sizes=\"(max-width: 720px) 100vw, 720px\" \/><\/figure>\n\n\n\n<figure class=\"wp-block-image size-large\"><img loading=\"lazy\" width=\"960\" height=\"720\" data-id=\"47\"  src=\"https:\/\/someclim.tn\/wp-content\/uploads\/2022\/02\/221885423_311396340418648_1481714960747173732_n.jpg\" alt=\"\" class=\"wp-image-47\" srcset=\"https:\/\/someclim.tn\/wp-content\/uploads\/2022\/02\/221885423_311396340418648_1481714960747173732_n.jpg 960w, https:\/\/someclim.tn\/wp-content\/uploads\/2022\/02\/221885423_311396340418648_1481714960747173732_n-300x225.jpg 300w, https:\/\/someclim.tn\/wp-content\/uploads\/2022\/02\/221885423_311396340418648_1481714960747173732_n-768x576.jpg 768w\" sizes=\"(max-width: 960px) 100vw, 960px\" \/><\/figure>\n\n\n\n<figure class=\"wp-block-image size-large\"><img loading=\"lazy\" width=\"960\" height=\"720\" data-id=\"49\"  src=\"https:\/\/someclim.tn\/wp-content\/uploads\/2022\/02\/221977487_213126250728047_7070752800480809880_n.jpg\" alt=\"\" class=\"wp-image-49\" srcset=\"https:\/\/someclim.tn\/wp-content\/uploads\/2022\/02\/221977487_213126250728047_7070752800480809880_n.jpg 960w, https:\/\/someclim.tn\/wp-content\/uploads\/2022\/02\/221977487_213126250728047_7070752800480809880_n-300x225.jpg 300w, https:\/\/someclim.tn\/wp-content\/uploads\/2022\/02\/221977487_213126250728047_7070752800480809880_n-768x576.jpg 768w\" sizes=\"(max-width: 960px) 100vw, 960px\" \/><\/figure>\n\n\n\n<figure class=\"wp-block-image size-large\"><img loading=\"lazy\" width=\"1170\" height=\"1560\" data-id=\"54\"  src=\"https:\/\/someclim.tn\/wp-content\/uploads\/2022\/02\/53918328_307049326623835_8190651192095801344_n.jpg\" alt=\"\" class=\"wp-image-54\" srcset=\"https:\/\/someclim.tn\/wp-content\/uploads\/2022\/02\/53918328_307049326623835_8190651192095801344_n.jpg 1170w, https:\/\/someclim.tn\/wp-content\/uploads\/2022\/02\/53918328_307049326623835_8190651192095801344_n-225x300.jpg 225w, https:\/\/someclim.tn\/wp-content\/uploads\/2022\/02\/53918328_307049326623835_8190651192095801344_n-768x1024.jpg 768w, https:\/\/someclim.tn\/wp-content\/uploads\/2022\/02\/53918328_307049326623835_8190651192095801344_n-1152x1536.jpg 1152w\" sizes=\"(max-width: 1170px) 100vw, 1170px\" \/><\/figure>\n\n\n\n<figure class=\"wp-block-image size-large\"><img loading=\"lazy\" width=\"1560\" height=\"1170\" data-id=\"53\"  src=\"https:\/\/someclim.tn\/wp-content\/uploads\/2022\/02\/54256613_338857323502839_430720713674981376_n.jpg\" alt=\"\" class=\"wp-image-53\" srcset=\"https:\/\/someclim.tn\/wp-content\/uploads\/2022\/02\/54256613_338857323502839_430720713674981376_n.jpg 1560w, https:\/\/someclim.tn\/wp-content\/uploads\/2022\/02\/54256613_338857323502839_430720713674981376_n-300x225.jpg 300w, https:\/\/someclim.tn\/wp-content\/uploads\/2022\/02\/54256613_338857323502839_430720713674981376_n-1024x768.jpg 1024w, https:\/\/someclim.tn\/wp-content\/uploads\/2022\/02\/54256613_338857323502839_430720713674981376_n-768x576.jpg 768w, https:\/\/someclim.tn\/wp-content\/uploads\/2022\/02\/54256613_338857323502839_430720713674981376_n-1536x1152.jpg 1536w\" sizes=\"(max-width: 1560px) 100vw, 1560px\" \/><\/figure>\n\n\n\n<figure class=\"wp-block-image size-large\"><img loading=\"lazy\" width=\"1170\" height=\"1560\" data-id=\"52\"  src=\"https:\/\/someclim.tn\/wp-content\/uploads\/2022\/02\/54517119_2380294648672178_1894266601159524352_n.jpg\" alt=\"\" class=\"wp-image-52\" srcset=\"https:\/\/someclim.tn\/wp-content\/uploads\/2022\/02\/54517119_2380294648672178_1894266601159524352_n.jpg 1170w, https:\/\/someclim.tn\/wp-content\/uploads\/2022\/02\/54517119_2380294648672178_1894266601159524352_n-225x300.jpg 225w, https:\/\/someclim.tn\/wp-content\/uploads\/2022\/02\/54517119_2380294648672178_1894266601159524352_n-768x1024.jpg 768w, https:\/\/someclim.tn\/wp-content\/uploads\/2022\/02\/54517119_2380294648672178_1894266601159524352_n-1152x1536.jpg 1152w\" sizes=\"(max-width: 1170px) 100vw, 1170px\" \/><\/figure>\n\n\n\n<figure class=\"wp-block-image size-large\"><img loading=\"lazy\" width=\"720\" height=\"960\" data-id=\"51\"  src=\"https:\/\/someclim.tn\/wp-content\/uploads\/2022\/02\/221374914_353383709489107_4542510776166812438_n.jpg\" alt=\"\" class=\"wp-image-51\" srcset=\"https:\/\/someclim.tn\/wp-content\/uploads\/2022\/02\/221374914_353383709489107_4542510776166812438_n.jpg 720w, https:\/\/someclim.tn\/wp-content\/uploads\/2022\/02\/221374914_353383709489107_4542510776166812438_n-225x300.jpg 225w\" sizes=\"(max-width: 720px) 100vw, 720px\" \/><\/figure>\n<\/figure>\n","protected":false},"excerpt":{"rendered":"<p>Nos domaines de comp\u00e9tence Au d\u00e9part, l\u2019entreprise concentre son activit\u00e9 sur le Service Apr\u00e8s Vente pour les constructeurs. Du montage de syst\u00e8mes de climatisation pour les soci\u00e9t\u00e9s non sp\u00e9cialis\u00e9es, \u00e0 l\u2019entretien de leurs propres installations, aujourd\u2019hui Som\u00e9clim intervient principalement dans l\u2019installation et l\u2019entretien de climatisations sur appels d\u2019offres publics et priv\u00e9s, sur les territoires normands [&hellip;]<\/p>\n","protected":false},"author":1,"featured_media":0,"parent":0,"menu_order":0,"comment_status":"closed","ping_status":"closed","template":"","meta":[],"categories":[8],"tags":[],"_links":{"self":[{"href":"https:\/\/someclim.tn\/index.php\/wp-json\/wp\/v2\/pages\/87"}],"collection":[{"href":"https:\/\/someclim.tn\/index.php\/wp-json\/wp\/v2\/pages"}],"about":[{"href":"https:\/\/someclim.tn\/index.php\/wp-json\/wp\/v2\/types\/page"}],"author":[{"embeddable":true,"href":"https:\/\/someclim.tn\/index.php\/wp-json\/wp\/v2\/users\/1"}],"replies":[{"embeddable":true,"href":"https:\/\/someclim.tn\/index.php\/wp-json\/wp\/v2\/comments?post=87"}],"version-history":[{"count":1,"href":"https:\/\/someclim.tn\/index.php\/wp-json\/wp\/v2\/pages\/87\/revisions"}],"predecessor-version":[{"id":88,"href":"https:\/\/someclim.tn\/index.php\/wp-json\/wp\/v2\/pages\/87\/revisions\/88"}],"wp:attachment":[{"href":"https:\/\/someclim.tn\/index.php\/wp-json\/wp\/v2\/media?parent=87"}],"wp:term":[{"taxonomy":"category","embeddable":true,"href":"https:\/\/someclim.tn\/index.php\/wp-json\/wp\/v2\/categories?post=87"},{"taxonomy":"post_tag","embeddable":true,"href":"https:\/\/someclim.tn\/index.php\/wp-json\/wp\/v2\/tags?post=87"}],"curies":[{"name":"wp","href":"https:\/\/api.w.org\/{rel}","templated":true}]}}